*g + t*g + 4*f + 4 = 0. Let v(o) = 6*o**3 - o**2 - o - 1. What is v(g)?
-7
Let p(a) be the second derivative of 3*a**3/2 - 45*a**2 - 2*a - 506. Determine p(10).
0
Let v(d) = 7*d - 170. Let o(k) = k**3 + 49*k**2 + 140*k + 118. Let j be o(-46). Determine v(j).
12
Let m(w) = -w**2 + 14*w - 9. Let g(j) = -7*j**3 + 10*j**2 + 5*j + 2. Let p be g(-1). Give m(p).
-9
Let d(t) = -t**2 + 5. Let m be d(-4). Let n = m + 15. Let h(c) = -2*c - 5. Calculate h(n).
-13
Let k = 4039 + -4032. Let l(y) = y**2 - 7*y - 1. Give l(k).
-1
Let n(k) = -5*k - 17. Let w be n(-4). Suppose p - 15 = -4*l, w*l - 45 = -5*p - 2*l. Let o(t) = -p*t + 18*t - 7*t. What is o(-6)?
-24
Suppose -4*w + 7*w = 2*c - 14, 4*c - w = 28. Let a(u) = -79 + 176 - u**2 - 84 + c*u. Give a(9).
-5
Let y(k) = 4*k - 6. Let i be ((-7)/2)/(4/56). Let z = -49 - i. Suppose -p + 5*w - 1 = -0*p, z = -p - 3*w + 7. Determine y(p).
10
Let p(x) = 3*x**3 + 5*x**2 - 7*x - 6. Suppose -60 = -b - 19*b. Let w(j) = -4*j**3 - 5*j**2 + 7*j + 5. Let d(l) = b*p(l) + 2*w(l). Determine d(-6).
-2
Let i(q) = -17*q + 18. Let o(m) = -105*m + 86. Let a(n) = -157*n + 130. Let k(f) = 5*a(f) - 7*o(f). Let w(s) = 8*i(s) - 3*k(s). What is w(-2)?
-28
Let w(b) = -4*b + 62. Suppose 270 = o + 272, o = -3*m + 40. Determine w(m).
6
Let w(a) be the second derivative of a**3/6 - 8*a**2 + 5016*a. Determine w(11).
-5
Let w(a) be the first derivative of -4/3*a**3 - 1/2*a**2 + 1 + 1/4*a**4 - 2*a. Let x be (-17 + 55/11 - -9)*(-12)/9. Give w(x).
-6
Let g(c) = -5 + 1427*c - 2846*c - 4 + 1430*c. Calculate g(1).
2
Let d be (-44)/(-20)*(-6 + 11 + -10). Let x(a) = a**2 + 20*a + 16. Determine x(d).
-83
Let n(h) = -39*h - 74. Let z(x) = -2*x + 1. Let b(d) = n(d) - 6*z(d). Let k be b(-3). Let q(c) = -c**3 - 2*c + 1. Calculate q(k).
-2
Let w(x) = 2*x + 15. Let k be (-3264)/(-38) + 30/285. Suppose 15*i = -79 - k. Determine w(i).
-7
Suppose 12*s - 27*s + 1650 = 0. Let i(x) = -109*x + 5 + s*x - 1 + 0. Calculate i(5).
9
Suppose -2*p = 12*p - 70. Let k(q) = -6*q**2 + p - 9*q**2 + 25*q**2 - 4*q - 9*q**2. Calculate k(4).
5
Let q be 3/((-3)/(495/67) + (-162)/(-1215)). Let c(v) = -v**3 - 10*v**2 + 10*v - 15. Give c(q).
-4
Let r(g) be the first derivative of g**3/3 + 7*g**2/2 + 19*g - 115. Give r(-4).
7
Let m(b) = -48*b**2 - 8 + 49*b**2 + 372*b + 1 - 387*b. Give m(16).
9
Let u(j) = -2*j + 13. Let q(a) be the third derivative of a**4/12 - 2*a**3 - a**2 + 21*a. Let n(y) = 4*q(y) + 5*u(y). Calculate n(7).
3
Let z(l) = -41 + 17*l + 14 + 11 + 4 + 14*l**2 - 13*l**2. Calculate z(-18).
6
Let t(s) = -s**3 + 9*s**2 + 22*s + 4. Let i be 0 + 22*2/4. What is t(i)?
4
Let f(t) be the third derivative of -t**2 - 1/120*t**6 - 54 - 2/3*t**3 + 1/24*t**4 + 0*t + 1/60*t**5. Give f(0).
-4
Let a = -10177 - -10172. Let x(r) be the first derivative of -r**3/3 - 3*r**2/2 - r - 2. Give x(a).
-11
Let s(q) = q**2 + 10*q - 2. Let r be (400/60)/10*6. Determine s(r).
54
Let o(x) = -4 - x**2 + 3*x - 79*x + 84*x. Give o(8).
-4
Let o(m) be the first derivative of 27*m**2/2 - 126*m + 9620. Calculate o(4).
-18
Let d(x) be the first derivative of 3*x**2/2 + 3*x + 46. Suppose -2*g = 37 - 7. Let r be (-23)/4 + g/(-20). Give d(r).
-12
Let k(m) be the third derivative of -m**4/8 + 17*m**3/2 + 1339*m**2. What is k(0)?
51
Suppose 12*k - 5*k - 21 = 0. Let m(y) = -y**k + 24*y + 8*y**2 - 3*y**2 + 5 - 25*y + y**2. What is m(6)?
-1
Suppose -3*g = -w + 7, 0*w - 4*w + 12 = -4*g. Let z(d) = -4*d + 41. Let f be z(9). Let n(p) = 3*p - f*p - 3*p. Give n(g).
10
Suppose 7*h + 0*t = -4*t + 134, -2*h + 34 = -t. Let c(r) = r**3 - 20*r**2 + 36*r - 6. Determine c(h).
-6
Let x be 20 + (-6 - ((-6)/(-2) - 5)). Suppose -x*b = 18 + 78. Let o(r) = -r**2 - 2*r + 5. Calculate o(b).
-19
Let f(t) = 4 + 12 + 8 + 6 + 2 + 6*t. Determine f(0).
32
Let q(z) be the first derivative of -z**4/4 + 9*z**3 - 53*z**2/2 + 60*z + 5611. Determine q(25).
-15
Let i(l) = 14*l**2 - 20*l + 35. Let n(j) = 17*j**2 - 19*j + 37. Let f(c) = 6*i(c) - 5*n(c). Determine f(-26).
-1
Let p = 159 - 157. Let v(b) = -4*b**p - 4 + 12 - 8 - 3 + 2*b**3. Give v(3).
15
Let n(c) = -1093*c**3 - 8 + 1094*c**3 - 36*c - 40*c - 15*c**2. Give n(19).
-8
Let q(b) = 11*b**2 + 53*b - 88. Let k(g) = -3*g**2 - 18*g + 29. Let l(v) = -7*k(v) - 2*q(v). Determine l(19).
-8
Suppose 5*f + 1 = -h + 13, 0 = -5*h + 5*f - 30. Let g(r) = -3*r**2 - 17*r - 2. Let t(u) = 5*u**2 + 26*u + 2. Let o(b) = 8*g(b) + 5*t(b). Give o(h).
21
Let y(b) = -12*b + 104. Suppose -28*o = -4*o - 216. Give y(o).
-4
Let k(r) = r**2 + 8*r + 9. Let b be (10/(-40))/(4/(-48)). Suppose -41 = 4*j - b*n, -3*n = -j - 5 - 12. Determine k(j).
9
Let n(y) be the first derivative of y**4/12 - y**3/3 - 3*y**2/2 + 291*y + 33. Let x(z) be the first derivative of n(z). What is x(5)?
12
Let b(l) = -2*l**3 + 4*l. Let w be b(-2). Let r(c) = 2*c**2 - 4*c**2 + c**2 + 6 - w - 8*c. What is r(-7)?
5
Suppose -2*b = -b - 5. Let m = b + -3. Let h(o) = 383*o + 37. Let k(y) = -177*y - 17. Let s(l) = 6*h(l) + 13*k(l). Give s(m).
-5
Let s(r) be the first derivative of 7*r**2/2 - 6*r - 689. Determine s(-3).
-27
Let t(d) be the third derivative of -65*d**2 - 1/3*d**3 + 0*d + 0 + 1/24*d**4. Determine t(5).
3
Let r(q) = -1246*q - 2488. Let v be r(-2). Let p(f) be the second derivative of f**3/6 - f. Give p(v).
4
Suppose -65 = -14*b - 135. Let j(c) = -c**2 + 5*c + 22. Determine j(b).
-28
Suppose -2*i = -j - 57, -4*i + 2*i + 60 = -2*j. Suppose 28*u - 11 = i*u. Let w(m) = -m + 13. Give w(u).
2
Suppose 2*j = -k + 6*k, -4*k + 3*j = 0. Suppose 6*w - 2*w + 20 = k. Let v(l) = -l**3 - 4*l**2 - 2*l - 7. Give v(w).
28
Let q(o) be the second derivative of o**5/120 + 5*o**4/12 + 2*o**3/3 - 4*o**2 - o + 29. Let g(n) be the second derivative of q(n). Determine g(-13).
-3
Let q(a) be the first derivative of -2*a**3/3 + a**2 + 2*a - 1276. Suppose -y = -5*y + 8. What is q(y)?
-2
Suppose 5*b + a - 4 = 4*b, 36 = 5*b - 3*a. Let g(j) = j**2 + 6*j - 4*j + 4*j + b + 3*j + 2*j. Let w be (-3 - 7)/1*1. What is g(w)?
-4
Let b(d) = -6*d - 1. Let w = -800 - -1248. Let o = -447 + w. What is b(o)?
-7
Suppose 238 + 159 = -100*n - 103. Let b(v) = 3*v**2 + 14*v - 2. Determine b(n).
3
Let y(a) = -a**2 - 3*a - 2. Let j be y(-2). Let l(m) = 6*m - 22. Let c(u) = 17*u - 60. Let g(x) = 5*c(x) - 14*l(x). Give g(j).
8
Let f(l) = -4*l + 13. Let m(s) = s**3 - 9*s**2 - 91*s - 1. Let g be m(-6). Suppose 0*h - 5*h = 4*c - 61, g*c - 47 = -3*h. Give f(h).
-23
Let a(d) = -91*d**2 - 92*d**2 - 2*d**3 - 91*d**2 - 5 - 8*d - 81*d**2 + 343*d**2. Calculate a(-5).
-15
Let n = 6 + -7. Let k be n*(-3)/(-9)*3. Let a be 1 + 2 + -4 - (-2 - k). Let i(s) = -s**2 + s + 10. Calculate i(a).
10
Let i(y) = -y**3 - 3*y**2 - 2*y - 4. Let z be i(-3). Let w(d) = -6*d**3 - z*d**2 + 3*d**2 - 317*d + 318*d + 3*d**2 - 2*d**2. Calculate w(2).
-38
Let g(t) be the second derivative of t**7/2520 - t**6/72 - 7*t**5/120 + t**4/6 + 6*t**3 - 73*t. Let w(k) be the third derivative of g(k). What is w(10)?
-7
Let v(c) = 193*c - 365*c + 174*c + 13. Suppose -4*b = -2*o + 4*o + 20, -b = 3*o. Determine v(b).
1
Let v(k) = 20*k + 59. Let i be v(-3). Let b(y) be the third derivative of -5*y**4/12 + y**3/6 + y**2 + 5*y. Determine b(i).
11
Suppose o = -x + 11, 6*o - 43 = o - 2*x. Suppose 4*u = -4*z + 20, o*u - 3*u = 2*z - 40. Let r(w) = w**3 - 11*w**2 + 9*w + 6. Calculate r(z).
-4
Let s(y) be the third derivative of 11*y**2 - 7/60*y**5 - 1/8*y**4 + 0*y - 1/120*y**6 + 7/6*y**3 + 4. Calculate s(-6).
-11
Suppose c + 1 - 4 = 0. Suppose 9*x + 4*l = 4*x + 26, 5*l = 4*x + 12. Let i(h) = -410 + 409 + h**3 - h - 4*h**2 - 2*h + 2*h**x. What is i(c)?
-1
Let z(j) be the second derivative of -j**3/6 + 11*j**2/2 + 14*j. Suppose 4*a = 2*m + 3*m + 308, -m - 3*a - 73 = 0. Let v = 73 + m. Determine z(v).
2
Let c(x) be the second derivative of -2*x - 1/2*x**2 + 11/6*x**3 + 13. Give c(1).
10
Let c(o) = -9*o - 2. Let y be ((-3)/9)/(5/15) + 1. Suppose -11*s - 111 + 78 = y. Give c(s).
25
Let q(o) be the second derivative of -o**4/6 - 9*o**3/2 - 9*o**2/2 + 2*o - 15. Calculate q(-13).
4
Let f(g) be the second derivative of -g**5/20 - 5*g**4/12 + g**3/2 - 5*g**2 - 320*g + 2. Determine f(-6).
8
Let j(p) = -1599 + 1644 + 3*p**3 - 7*p**3 + 3*p**3 + 13*p**2 - 4*p. Give j(13).
-7
Let s(j) be the first derivative of -j**3/3 - 2*j**2 + 5*j + 114. Calculate s(0).
5
Let w(k) be the fir